et h = 30 + 35. Let d = -32 + h. Calculate the greatest common divisor of d and 3.
3
Suppose -4*v - 48 = -4*c + 100, 0 = -3*c + 5*v + 115. Suppose 2 = -g, 3*g - 295 = -5*o + 8*g. Let f = o - c. What is the highest common factor of 44 and f?
22
Let s = 3 + 0. Let u(l) = -l**2 + 2*l - 3. Let p be u(3). Let y(g) = -5*g - 6. Let r be y(p). What is the highest common divisor of s and r?
3
Let z(f) = -f - 3. Let v be z(-5). Suppose 5 + 1 = v*d. Suppose 2*l - 11 - 17 = -4*w, 4*l - 4*w = 116. Calculate the greatest common divisor of d and l.
3
Let z be (-3)/7 - (-216)/14. What is the greatest common divisor of z and 20?
5
Let n be -1 - (5 - (1227 + 1 - 6)). Calculate the highest common factor of 38 and n.
38
Suppose 1104 = -2122*z + 2128*z. Calculate the highest common factor of z and 138.
46
Suppose -v - 20 = 4*i - 133, i - 2*v = 17. Calculate the highest common divisor of 27 and i.
27
Suppose 0*v + 3*v - 20 = -2*g, -6 = -v - g. Suppose v*l = 5*l + 198. Calculate the highest common factor of 6 and l.
6
Let m = 8 + -8. Suppose 7*d - 5*d - 30 = m. Calculate the greatest common divisor of 135 and d.
15
Let l = -45 + 68. What is the highest common divisor of l and 1?
1
Let o be 6/9 + 44/6. Let c be (-2)/(-4)*(-15 - -15). Suppose c*l + 224 = 4*l. Calculate the greatest common factor of o and l.
8
Let z(b) be the third derivative of 0*b + 0*b**3 + 0 - 10*b**2 + 1/3*b**4. Let i be z(2). Calculate the greatest common divisor of i and 16.
16
Let i be (-3)/6*(-307 + -21). Calculate the greatest common divisor of 246 and i.
82
Suppose -3*j + 42 = 4*j. Suppose 3 = 2*m + 3*l - j, 33 = 4*m + l. What is the greatest common factor of 108 and m?
9
Let z(h) = h**3 - 10*h**2 + 18*h - 13. Let o be 110/(-88) - 74/(-8). Let d be z(o). Let s = 13 - -17. Calculate the highest common factor of d and s.
3
Let l be 9 + (3 - 2)*-1. Suppose 0*d - l = -4*d. Suppose i + d*n - 55 = 85, 2*i - 5*n = 298. Calculate the greatest common factor of i and 16.
16
Let v be ((-72)/14)/((-18)/63). What is the highest common factor of 10 and v?
2
Let k(b) = 3*b - 1. Let s be k(7). Let l = -156 - -159. Let a = s - l. What is the highest common divisor of 51 and a?
17
Suppose 6*r - 4 = 248. Suppose r*n = 39*n + 204. Calculate the greatest common factor of n and 17.
17
Let u = 261 - 241. Suppose 3*h - 3*l - 234 = 0, l + 50 - 458 = -5*h. Let j = h - 31. What is the greatest common factor of j and u?
10
Let v(n) = n - 6. Let f be v(18). Calculate the highest common factor of f and 2076.
12
Suppose -3*b + 20 = w - 4*b, -w = 5*b - 38. Let z = -450 + 634. Calculate the greatest common divisor of w and z.
23
Suppose -1407 = -148*k + 141*k. Calculate the highest common factor of 469 and k.
67
Let w be (-1305)/(-15) - (7 - 0). Calculate the highest common divisor of w and 128.
16
Let r(g) = g**3 - 8*g**2 + 6*g. Let a be r(6). Let q be -54*(4 + a/8). What is the greatest common divisor of 27 and q?
27
Suppose -2*h - 43 = -5*t + 17, 0 = 3*h. Let y be -1*(6 + -1)*-6. Calculate the highest common divisor of t and y.
6
Let y = -711 + 736. What is the greatest common factor of 950 and y?
25
Let s = 13 - 3. Let k = 5 - 9. Let v be (10/8)/(k/(-48)). Calculate the highest common divisor of v and s.
5
Let c be ((-14)/(-4))/(1/8). Let s be 2/(-21) - 14/(-147). Suppose -7*q + 524 + 1044 = s. Calculate the greatest common divisor of c and q.
28
Let z(o) = -o + 6. Let n be z(3). Suppose 5*j + 55 = k, -n*k = -9*j + 4*j - 145. What is the greatest common factor of k and 30?
15
Suppose 153 = 5*h - 207. Let s = -14 + 17. Suppose -s*o + 20 = -4. Calculate the greatest common factor of h and o.
8
Suppose 3*z + 370 = 5*w - 197, -8 = 2*z. What is the greatest common factor of w and 37?
37
Let p(o) = -3*o + 4. Let t be p(3). Let y be (-1099)/t - 3/(-15). What is the greatest common divisor of 20 and y?
20
Let a = -19 - -19. Suppose 3*p = -a + 9. Let x = p - -9. What is the greatest common divisor of x and 48?
12
Suppose 3362 = 8*v - 1742. What is the greatest common divisor of 88 and v?
22
Let a = -136 + 290. Calculate the greatest common factor of a and 44.
22
Let x be 10/4*(-4)/(-5). Suppose 3*s + 2*s - f - 197 = 0, 0 = -x*f + 6. Suppose -3*z - 2*z + s = 0. What is the greatest common divisor of 72 and z?
8
Suppose -1026 = -13*w - 44*w. Let v be (-2)/4*1*-6. Suppose -5*g + 90 = -v*g. Calculate the greatest common divisor of w and g.
9
Let y be (-12)/10*150/(-9). Suppose 10*a - 2*r = 9*a + 230, -4*r = -3*a + 680. Calculate the highest common factor of a and y.
20
Suppose 3*x - 84 = 3*q + 39, x - 3*q - 45 = 0. What is the greatest common divisor of 624 and x?
39
Let f be -2*((-1135)/(-10) + -4). Let w be (-4)/(-6) + f/(-9). Calculate the highest common divisor of w and 10.
5
Let a(w) = 4*w**3 + 2*w**2 - 3*w + 2. Let n be a(2). Let h(o) = -31*o + 221. Let k be h(7). Calculate the highest common factor of n and k.
4
Let w = 61 + -71. Let c be (4/5)/(w/(-1225)). Calculate the greatest common divisor of c and 14.
14
Suppose -q + i = -184, -3*q - 112 = 5*i - 672. Let a = q - 160. Calculate the greatest common divisor of 200 and a.
25
Suppose 0 = -f - 24. Let m be 2/6 + (-2752)/f. Suppose -5*s - 2*p + 160 = 0, 5*p = -2*s - 30 + m. What is the highest common divisor of 45 and s?
15
Let j(y) = 5*y + 2. Let o(k) = -4*k - 2. Let n = 12 + -19. Let u(d) = n*j(d) - 6*o(d). Let z be u(-3). What is the greatest common divisor of z and 31?
31
Suppose 0 = 11*s - 7*s - 3*w - 102, -5*s + 131 = -2*w. Suppose 5 = -x - 6. Let q = -2 - x. Calculate the greatest common divisor of q and s.
9
Suppose -47*b - 398 = -586. Suppose i = -0*i + 18. Calculate the greatest common divisor of i and b.
2
Let v be 1*2/3*-75. Let u(g) = -12*g**2 + 2*g - 1. Let c be u(1). Let j = c - v. What is the highest common divisor of j and 26?
13
Suppose 0 = -l + 1, 0 = -4*w - 0*w - 2*l + 762. Calculate the highest common factor of w and 10.
10
Let u(p) = 18*p**2 - 27*p - 9. Let t be u(2). What is the greatest common divisor of 657 and t?
9
Let m(d) = 8*d**3 + 3*d**2 + 2*d - 10. Let i be m(2). What is the greatest common factor of 10 and i?
10
Let w be ((-2)/(-5))/((-10)/(-200)). Suppose -c + 3*i + 2*i + 82 = 0, i = -5*c + 358. What is the greatest common divisor of w and c?
8
Let k(y) = y**3 - 2*y**2 + 2*y. Let p be k(3). Let c = -806 + 821. What is the highest common divisor of c and p?
15
Suppose -5*w + 40 = -30. Let r(o) = -o**3 + 34*o**2 - 32*o + 37. Let g be r(33). Calculate the greatest common factor of w and g.
14
Suppose 542 = -2*q - 2*m, -4*q - 3*m + 264 = 1345. Let d = -164 - q. Calculate the greatest common factor of 13 and d.
13
Let r(h) = 30*h**2 - 2*h + 5. Let p be r(5). Let q = -497 + p. Calculate the greatest common divisor of q and 31.
31
Let r(y) = -3*y + 2. Let v(o) = o + 17. Let k be v(-19). Let s be r(k). What is the highest common factor of s and 64?
8
Let g = -139 + 167. Calculate the greatest common factor of g and 35.
7
Let l be 12 + 146 - (-3 + 1). Let z be 3/(-9)*3 - -21. What is the highest common factor of z and l?
20
Suppose -5*o - 2*y + 106 = 18, -2*o + 28 = -y. What is the highest common factor of 128 and o?
16
Suppose 6 = -2*x - 2. Let g be (-63)/x + 3/12. What is the highest common factor of 80 and g?
16
Let g be (-8 - 5574/12)/((-2)/4). Calculate the greatest common factor of 35 and g.
35
Let h(y) = -2*y**2 + 13*y + 14. Let b be h(7). Suppose 0 = -3*v - b*v + 200. Calculate the greatest common divisor of v and 5.
5
Let z be -12 - -25 - (-2 + 1). Let n be (0/2)/(-4 + 5). Suppose 2*o - 2*y = 36, -5*o + 58 = -n*o + 3*y. What is the greatest common factor of z and o?
14
Suppose -2*w + 6*f + 8 = 2*f, 48 = 2*w + 4*f. Calculate the greatest common divisor of w and 126.
14
Let l = 357 + -63. What is the highest common divisor of 6 and l?
6
Suppose -212 = 8*t - 1652. Suppose 5*f + 0*f - 90 = 0. What is the greatest common factor of f and t?
18
Let x(w) = 67*w**2 + 2*w + 3. Let d be ((-3)/(-3))/(6/(-6)). Let l be x(d). Calculate the highest common divisor of 170 and l.
34
Let l be (-48)/(-28)*(-1960)/(-8). Calculate the highest common divisor of 60 and l.
60
Let m = 1540 + -891. Calculate the highest common factor of 22 and m.
11
Suppose 0 = -30*f + 29*f + 32. Let y be 1293/9 - f/(-24). Calculate the greatest common factor of 29 and y.
29
Let t b